8). Let k = g + w. Calculate the greatest common divisor of 12 and k.
12
Suppose 4*a - 5 = 7. Suppose -a = -q + 9. Suppose -16 = 2*r - 4*r. What is the highest common factor of r and q?
4
Suppose -5*p - 4*s + 104 = 0, -2*p = 2*p - 3*s - 77. What is the greatest common factor of p and 100?
20
Let h be 24/(-4)*-1 + 2. What is the greatest common factor of h and 2?
2
Let x = -41 + 58. Suppose 182 - 12 = 5*s. Calculate the greatest common divisor of x and s.
17
Let n(q) = -q**3 - 4*q**2 - 4*q + 10. Let w be n(-5). Calculate the highest common factor of 22 and w.
11
Let w = 7 - -1. Let l = 6 - w. Let t be (-3 + 5 - 72)*l. Calculate the highest common factor of 20 and t.
20
Let v(t) = t**2 - 2*t + 6. Let z be v(4). What is the greatest common factor of 14 and z?
14
Let l(u) = -2*u**2 - 37*u. Let y be l(-17). What is the highest common divisor of y and 85?
17
Let s = 7 - 13. Let i = -3 - s. Let x be 1/i*15*1. Calculate the greatest common divisor of x and 40.
5
Let s(w) = -340*w**3 - w**2 - w. Let c be s(-1). What is the greatest common factor of 34 and c?
34
Let j(y) = y**2 + 11*y + 18. Let t be j(-11). Calculate the greatest common divisor of 9 and t.
9
Let j be ((-6)/8)/(1/(-8)). Suppose -j = -g - g. What is the highest common divisor of g and 33?
3
Let s = -1 + 0. Let m(z) = -3*z**3 - z**2 - z. Let x be m(s). Suppose 3*q + 0 = x. What is the greatest common factor of 2 and q?
1
Suppose 3*j + t - 7 = 16, -3*j + 43 = 5*t. Calculate the greatest common divisor of 15 and j.
3
Suppose -5*o + 3*o + 40 = 0. Suppose -3*j - 2*j = -o. Calculate the greatest common divisor of j and 20.
4
Suppose -6 = -4*o + 2*o. Suppose -o*a + 10 = -35. Calculate the highest common divisor of a and 75.
15
Let n be (0 - 0) + 49/(-7). Let f = n + 15. What is the highest common divisor of f and 1?
1
Let c(k) = k**3 - 6*k**2 + 5*k - 2. Let d be c(5). Let f be -3 - 28*(-1)/d. Let t = f + 29. What is the greatest common divisor of t and 48?
12
Let f be 8/(-20) - (-42)/5. Suppose -f = -a - a. Suppose 2*v = -a + 38. Calculate the highest common factor of 85 and v.
17
Suppose -8*w + 796 = 12. What is the greatest common factor of w and 14?
14
Let s be 10/(-25) + (-482)/(-5). Let x be 1 - (-5 - (2 - 3)). Suppose -x*y + 58 = 2*r, 3*y - 33 = -0*r - 3*r. What is the greatest common factor of y and s?
12
Suppose 5*m = 2*t + 358, m + 2*m + 2*t - 218 = 0. Calculate the greatest common factor of m and 18.
18
Let u = 49 + -13. What is the highest common factor of 12 and u?
12
Let l(r) = -2*r**2 + 11*r - 7. Suppose -2*z + 35 = 3*z. Let h be l(z). Let q = h - -78. Calculate the greatest common factor of 20 and q.
10
Let i = 24 - 9. Suppose 0 = -3*q + m - 51, 2*q - 5*m + 6 + i = 0. Let u be (-4)/q - (-572)/18. Calculate the greatest common factor of 4 and u.
4
Suppose 5*x + 6 = 4*g - 22, -3*g + 2*x = -28. Let q be 2 - (6/(-3) - 2). Suppose 2*c + q - 126 = 0. What is the highest common divisor of c and g?
12
Let x = 59 + -29. Let v = -4 - -3. Let j = 11 + v. What is the highest common factor of x and j?
10
Suppose 2*j = h + 15, -5*h + 0 - 5 = 0. What is the highest common divisor of j and 49?
7
Suppose -34 = -0*v + 4*v - 2*y, 2*v = 5*y - 37. Let o be v/9 - (-896)/3. Let q = o - 190. What is the highest common divisor of 12 and q?
12
Let p = 14 - 12. Suppose 46 = 2*l + p*u, 0 = l + 3*l - 2*u - 110. What is the greatest common divisor of l and 13?
13
Let b be (-1 - (-18)/8)/(37/1332). What is the highest common divisor of 135 and b?
45
Let m = 13 - 3. Suppose 0 = -5*l + m, 0*z + 154 = 2*z - 4*l. Calculate the highest common factor of 9 and z.
9
Let b(i) = 2*i**2 - 10*i + 14. Let w be b(7). What is the highest common divisor of 6 and w?
6
Let l = 1 - -41. Let m(i) = -i**3 + 7*i**2 - 7*i - 1. Let u be m(5). Calculate the greatest common divisor of l and u.
14
Let l(s) = s + 10. Let f be l(0). Let d(u) = u**2 + 4*u - 1. Let t be d(-7). What is the greatest common factor of f and t?
10
Let k = -3 - -5. Suppose 3*h = -5*n + 166, 2*h + k*n = 6*n + 118. Calculate the greatest common factor of h and 19.
19
Let h(w) = -w**2 - w + 8. Let p be h(-3). Calculate the highest common factor of p and 10.
2
Suppose -4*a + 4*k = -88, 2*k - 5*k - 12 = 0. Let t = 72 - 45. Calculate the highest common divisor of a and t.
9
Suppose -53 = -3*b + 118. Suppose 16*m - 17*m = g - 19, -5*g + 95 = 2*m. What is the highest common divisor of b and g?
19
Let x be 103/5 + (-24)/40. What is the greatest common factor of x and 140?
20
Let k(x) = x**2 - 1. Let i be k(-9). Suppose -i = -0*w - w. What is the greatest common factor of 32 and w?
16
Let q(m) = m**2 + m + 52. Let u = 7 - 7. Let a be q(u). Calculate the highest common factor of 13 and a.
13
Let o = -43 + 70. Calculate the highest common divisor of o and 27.
27
Let s be 6912/84 - (5/(-7) - -1). Calculate the highest common divisor of s and 41.
41
Suppose 1 = -2*h - 5. Let q be h + 2 + (8 - 2). Let c(w) = 54*w**3 + 2*w**2 - 2*w + 1. Let u be c(1). What is the greatest common factor of q and u?
5
Suppose 0*d - 9 = -3*d. Let f be 29*(-1 + -1 + d). Suppose 26 = 5*x - f. Calculate the greatest common divisor of 55 and x.
11
Suppose 3*x + 34 - 76 = 0. What is the greatest common factor of 4 and x?
2
Let l be 2 - (2/2 + -2). Let v = 7 - l. Suppose v*z - 5*d = 148, -3*z + 3*d = -88 - 26. What is the greatest common divisor of z and 6?
6
Let t be (84/(-15))/(8/(-20)). Calculate the highest common divisor of 21 and t.
7
Let t = -67 + 96. What is the greatest common divisor of t and 203?
29
Suppose -43 = 11*j - 1198. What is the greatest common factor of 42 and j?
21
Suppose -2*v + 37 = -1. Let j be (-2)/(-12) - 797/(-6). Calculate the greatest common factor of v and j.
19
Suppose 7*l - 10 = 2*l. Suppose 0 = l*p - 0*p. Suppose p = 2*m - 2*o - 8, -4*m - 2*o + 0*o = -16. Calculate the greatest common divisor of m and 8.
4
Let v = -34 - -19. Let g = -1 - v. What is the highest common divisor of 70 and g?
14
Let l(j) = -5*j + 3 + 3*j + j**2 - 1. Let p be l(2). Suppose 2*r + 16 = 2*g, -3*g + 2*r + p*r = -20. What is the greatest common factor of g and 6?
6
Let m(j) = -2*j**3 + 2*j**2 + j - 2. Let d be m(-2). Let c be -1 - ((-5)/2)/5*10. Calculate the greatest common factor of c and d.
4
Let o = 7 + -14. Let g(u) = 17*u**2 + 12*u. Let j(z) = 4*z**2 + 3*z. Let d(w) = -2*g(w) + 9*j(w). Let s be d(o). Calculate the highest common factor of s and 7.
7
Suppose -10*l + 7*l - 2*i = -83, -2*l + 4*i + 50 = 0. What is the highest common factor of l and 9?
9
Let g be ((-2)/(-5))/((-1)/(-10)). Let q = -298 - -310. What is the greatest common divisor of g and q?
4
Suppose 4*w = 5*k + 12, 2*w + 2*w + 4*k = 48. Calculate the greatest common factor of w and 72.
8
Suppose 0 = n - 2, 25 = 5*u + n + 4*n. Suppose r + 5*o = u, 1 + 28 = 4*r + 3*o. What is the highest common factor of 8 and r?
8
Suppose -4*m = s - 31, 3*m + 2*s - 17 = -0*s. Let b(a) = a**3 - 8*a**2 - 9*a + 9. Let l be b(m). Calculate the greatest common divisor of 99 and l.
9
Suppose 0 = 11*u - 38 + 5. Calculate the highest common factor of 21 and u.
3
Suppose -4*b + 2*b + 8 = 0. Let j = 8 + -4. Suppose 0 = -j*c + b. What is the greatest common divisor of 9 and c?
1
Let c be 1*(2 - -1 - -23). What is the greatest common divisor of c and 234?
26
Let t be 128 - (0/1)/(-2). Suppose -7*m + 37 = -75. Calculate the highest common factor of t and m.
16
Suppose 4*o - 6 = 2*o. Suppose -r + 3*x + 72 = 5*x, o*x + 62 = r. What is the greatest common divisor of r and 17?
17
Let l(v) = v**3 + 13*v**2 - 15*v + 8. Let k be l(-14). What is the highest common divisor of k and 55?
11
Let p be 68/51*(-15)/(-4). Suppose 5*r = -9 - 6. Let h = 8 + r. Calculate the highest common factor of p and h.
5
Let k = 54 + -37. Suppose 0*l - l + k = 0. Calculate the highest common divisor of 153 and l.
17
Let l(a) = -a**3 + 6*a**2 + 8*a + 6. Let j be l(7). Calculate the greatest common divisor of j and 52.
13
Let h be 0 + (-4134)/(-8) + (-1)/(-4). Calculate the greatest common factor of h and 47.
47
Let x(w) = w**3 - 16*w**2 - 15*w - 18. Let h be x(17). Calculate the highest common factor of 112 and h.
16
Suppose 1 = 2*u - 9. Suppose -u*p = -0*p - 390. Suppose 0 = 2*n - 0*n - p. Calculate the greatest common factor of n and 13.
13
Let i(o) = -o**3 - 4*o**2 + 8*o - 12. Let z b